 multiple of 1021?
True
Is 77 a factor of 762865?
False
Is 256227246 a multiple of 97?
True
Does 3 divide 65756?
False
Is 208829112 a multiple of 362?
True
Is 392545573 a multiple of 1326?
False
Is 47790925 a multiple of 568?
False
Does 1343 divide 130225338?
True
Is 8 a factor of 11779400?
True
Is 14 a factor of 314264216?
True
Does 10 divide 30270807?
False
Is 14079368 even?
True
Is 225749897 a multiple of 582?
False
Is 60 a factor of 337021596?
False
Does 280 divide 16633680?
True
Is 41033300 a multiple of 44?
True
Is 17 a factor of 297614563?
True
Is 13 a factor of 55003767?
True
Does 262 divide 3181286380?
False
Is 572 a factor of 359999340?
False
Does 15 divide 672178131?
False
Is 1012661353 a multiple of 40?
False
Is 4521 a factor of 428179389?
True
Is 6358339474 a multiple of 20?
False
Is 279 a factor of 92162797?
False
Is 7347927551 a multiple of 6247?
True
Is 1532 a factor of 31513176?
False
Is 410 a factor of 56342241?
False
Does 20 divide 70419780?
True
Is 22977856 a multiple of 2056?
True
Does 2359 divide 32542605?
False
Does 10 divide 27213990?
True
Is 12243873 a multiple of 11?
False
Does 464 divide 21410352?
True
Does 143 divide 739375208?
True
Is 22914065 a multiple of 293?
True
Is 8 a factor of 195219074?
False
Does 7 divide 28589602?
False
Is 1144445710 a multiple of 10?
True
Does 3 divide 170647494?
True
Is 1106373303 a multiple of 21?
True
Is 10 a factor of 60141740?
True
Is 35 a factor of 11200392?
False
Is 19919636 a multiple of 58?
True
Is 9084554 a multiple of 30?
False
Does 3518 divide 5060755576?
True
Does 12 divide 445357368?
True
Is 36617940 a multiple of 45?
True
Does 1787 divide 22370328?
False
Is 26082663 a multiple of 12?
False
Is 8441 a factor of 842489358?
False
Is 710 a factor of 49694304?
False
Is 339176257 a multiple of 845?
False
Is 35056462 a multiple of 5047?
True
Is 929 a factor of 343213476?
True
Does 6 divide 12886732?
False
Is 313 a factor of 98164859?
False
Does 939 divide 201556476?
False
Does 7348 divide 204098048?
True
Is 50852474 a multiple of 38?
True
Does 7143 divide 1066235280?
False
Does 120 divide 190770720?
True
Does 5372 divide 318292942?
False
Is 562 a factor of 613857426?
True
Is 547 a factor of 24396982?
False
Is 39494894 a multiple of 45?
False
Is 1520 a factor of 52833496?
False
Is 3 a factor of 15105399?
True
Does 39 divide 72079694?
False
Is 349736340 a multiple of 314?
True
Does 121 divide 191651367?
False
Is 161775000 a multiple of 225?
True
Is 345202845 a multiple of 79?
False
Is 58 a factor of 180126772?
True
Does 1375 divide 824891375?
True
Is 31 a factor of 18359595?
True
Does 12 divide 27038890?
False
Does 6 divide 1005979560?
True
Does 85 divide 11324380?
True
Is 16254794 a multiple of 30?
False
Is 396 a factor of 1321704648?
True
Is 14 a factor of 2607192?
True
Is 126 a factor of 172996245?
False
Does 494 divide 59937514?
True
Does 33 divide 40005080?
False
Is 584078011 a multiple of 14?
False
Does 742 divide 3999815?
False
Is 16 a factor of 28629903?
False
Is 21 a factor of 42816341?
False
Is 12 a factor of 17052360?
True
Does 406 divide 328412343?
False
Does 59 divide 10859717?
True
Does 6 divide 64285853?
False
Does 18 divide 310648788?
True
Does 131 divide 17424932?
False
Is 161860 a multiple of 20?
True
Is 43 a factor of 557178109?
False
Does 151 divide 27714389?
True
Is 2898822804 a multiple of 804?
True
Does 1857 divide 16626852?
False
Is 3505 a factor of 131328845?
True
Is 550638912 a multiple of 96?
True
Does 2548 divide 65473023?
False
Does 51 divide 292737348?
True
Is 637012172 a multiple of 103?
False
Is 31436550 a multiple of 50?
True
Does 17 divide 2110246771?
True
Is 54 a factor of 43936532?
False
Is 912459 a multiple of 3?
True
Is 33 a factor of 6407992?
False
Is 2745 a factor of 45531050?
False
Is 163 a factor of 618883127?
True
Is 5 a factor of 3604779?
False
Does 190 divide 136039253?
False
Is 218 a factor of 333691510?
True
Is 75283491 a multiple of 1683?
False
Is 247048781 a multiple of 51?
False
Is 673921524 a multiple of 412?
False
Does 66 divide 23074404?
False
Is 67655639 a multiple of 5034?
False
Is 59 a factor of 4932931?
True
Is 340 a factor of 251485420?
True
Does 2183 divide 121314067?
False
Does 56 divide 27731592?
True
Is 98813425 a multiple of 2?
False
Is 821529671 a multiple of 2418?
False
Does 70 divide 101891300?
True
Does 2785 divide 29812650?
False
Is 306642996 a multiple of 89?
False
Is 341 a factor of 30090181?
True
Is 97372192 a multiple of 16?
True
Is 7536123 a multiple of 9?
True
Is 68 a factor of 152650412?
True
Does 93 divide 434868?
True
Does 103 divide 244734592?
True
Is 224992891 a multiple of 284?
False
Is 13056952 a multiple of 31?
True
Is 12 a factor of 312144?
True
Does 1536 divide 67315200?
True
Is 13 a factor of 176382953?
False
Does 195 divide 100953197?
False
Does 4753 divide 58040269?
False
Is 13 a factor of 6194916?
True
Is 21280968 a multiple of 6?
True
Is 74 a factor of 335468714?
True
Does 24 divide 235173369?
False
Is 152 a factor of 2357797096?
True
Is 95 a factor of 8953581185?
True
Does 1072 divide 94760240?
False
Is 6898 a factor of 1323733098?
True
Is 143676072 a multiple of 372?
True
Is 583 a factor of 23767744?
True
Is 2435784 a multiple of 74?
True
Does 6999 divide 4187461519?
False
Does 120 divide 1026523920?
True
Is 1914648516 a multiple of 19?
False
Is 72 a factor of 4235894?
False
Is 452544630 a multiple of 19?
False
Does 868 divide 19586463?
False
Is 481 a factor of 1005066816?
True
Is 746918667 a multiple of 6?
False
Is 437 a factor of 2966968163?
False
Is 2621 a factor of 799623124?
False
Is 175365727 a multiple of 137?
False
Is 130661404 a multiple of 38?
True
Does 124 divide 82542896?
False
Does 1858 divide 114785382?
True
Is 186785360 a multiple of 40?
True
Does 9 divide 43181973?
True
Is 16 a factor of 792459206?
False
Does 158 divide 355763475?
False
Does 12 divide 868743372?
True
Does 385 divide 66402476?
False
Is 1095986328 a multiple of 633?
True
Does 12 divide 847332191?
False
Does 164 divide 323488648?
False
Does 32 divide 82416640?
True
Does 246 divide 179109199?
False
Is 2187 a factor of 1992070503?
True
Is 1046 a factor of 11263787?
False
Is 10541 a factor of 187303106?
False
Does 2934 divide 323766664?
False
Is 121 a factor of 9401810?
False
Is 34094754 a multiple of 64?
False
Does 120 divide 11096418?
False
Is 2917722278 a multiple of 11?
False
Is 1148 a factor of 180923652?
True
Is 1371 a factor of 104788272?
True
Does 24 divide 26920719?
False
Does 3185 divide 234732893?
False
Does 1829 divide 291640056?
False
Is 30 a factor of 28762350?
True
Is 1150136862 a multiple of 4?
False
Does 101 divide 74006336?
True
Does 29 divide 102743490?
False
Does 172 divide 43732608?
False
Is 2623 a factor of 2609987297?
True
Is 203120526 a multiple of 1675?
False
Does 1106 divide 130126430?
True
Does 51 divide 48942176?
False
Does 2771 divide 198004576?
True
Is 231 a factor of 171789179?
False
Is 171972077 a multiple of 62?
False
Does 1108 divide 369345802?
False
Does 13 divide 258508211?
True
Is 2613027960 a multiple of 15?
True
Is 3 a factor of 127358708?
False
Is 79 a factor of 98096981?
False
Is 37944404 a multiple of 334?
True
Is 42061215 a multiple of 509?
True
Is 109 a factor of 16834396?
True
Does 3767 divide 793190821?
True
Is 15 a factor of 52649655?
True
Does 17450 divide 7749579900?
True
Is 3958 a factor of 9617940?
True
Is 294 a factor of 579232795?
False
Is 2121 a factor of 717318562?
False
Does 217 divide 415118830?
True
Does 37 divide 30645509?
True
Does 693 divide 711500328?
True
Is 1080503148 a multiple of 422?
True
Is 67 a factor of 124660937?
True
Is 754580370 a multiple of 1830?
True
Does 16 divide 107132816?
True
Does 14 divide 57316094?
False
Is 252 a factor of 58093560?
True
Is 9207 a factor of 1463765688?
True
Does 3 divide 49640635?
False
Is 7159584 a multiple of 102?
True
Is 68363029 a multiple of 20?
False
Is 199206348 a multiple of 6114?
True
Is 32 a factor of 920189632?
True
Does 39 divide 12310083?
False
Is 174 a factor of 50521074?
True
Is 119882430 a multiple of 141?
True
Is 79397677 a multiple of 85?
False
Is 14 a factor of 12517372?
True
Is 14330272 a multiple of 8?
True
Is 150910370 a multiple of 130?
True
Does 124 divide 2716220?
True
Does 43 divide 59096